 Calculate the greatest common divisor of y and t.
16
Let g(y) = -26*y - 4. Let j be g(-5). Suppose -j = -p - 2*p. Calculate the highest common factor of 6 and p.
6
Suppose 4*t = -28 - 0. Let i = -4 - t. Let j be (-14)/(-63) + 295/9. Calculate the highest common divisor of i and j.
3
Let o be (37/(-3))/((-2)/(-24)). Let t = o - -302. What is the greatest common factor of t and 14?
14
Suppose f + 1782 = 3*f. Let d = f - 487. Let v be d/10 - (-12)/(-30). What is the highest common factor of 16 and v?
8
Let w = 31 - 13. Suppose -4*h = -3*p - 369, -4*p - 174 = -2*h - 6*p. Calculate the highest common factor of h and w.
18
Let n be 1 + 0 - (-3 + 4). Suppose 2*l - 32 = -n*l. What is the highest common factor of l and 24?
8
Suppose -136 = -h + 5*w, 6*w = -5*h + 3*w + 624. Let d be 0 - (-1 + (-14 - -1)). What is the greatest common factor of h and d?
14
Suppose 3*j - 18 = j. Calculate the greatest common factor of j and 63.
9
Let y be 33/(-77) + 76/14. Let r be 2/(-9) + 274/18. What is the highest common factor of r and y?
5
Let m = 10 - 12. Let c be (0 + m)*-1*50. Calculate the greatest common factor of 20 and c.
20
Suppose l + 5*f = 50, -5*l - 5*f = -69 - 181. Calculate the greatest common factor of 5 and l.
5
Suppose z + 3*z - 20 = 0. Suppose -z*m + 215 = 5*l, -m = -l - 39 - 14. Calculate the highest common factor of m and 32.
16
Let r(s) = 2*s + 2*s - 1 - 6*s - s. Let b be r(-3). Let t = b - 5. Calculate the greatest common divisor of t and 24.
3
Suppose -3*k + 5*b = -21, 0 = -k + 5*b + 7. What is the highest common factor of k and 14?
7
Suppose 0*f + 27 = 3*f. Let j(n) = -7*n - 33. Let l be j(-6). What is the greatest common factor of l and f?
9
Let w(z) = z**2 - 9*z + 12. Let j be w(8). Suppose 5*i = 4*g - 0*g - 7, i - 13 = -j*g. What is the greatest common factor of i and 4?
1
Let s = -122 + 217. Calculate the greatest common divisor of s and 19.
19
Let m(h) = h + 10. Let s be m(-8). Let t be 9/(-3) + s - -29. What is the highest common divisor of t and 7?
7
Let j be (-2)/(-1) - (-6)/(-3). Let z(l) = -l**3 + l + 23. Let x be z(j). Let v = -12 + x. Calculate the highest common factor of 121 and v.
11
Let t(f) = f**2 + 7*f + 1. Let h be t(-8). Let k(n) = n**3 + 9. Let p be k(0). Calculate the highest common divisor of h and p.
9
Suppose -6*w + w + 240 = 0. Calculate the highest common divisor of w and 120.
24
Let y(v) = -v + 13. Let r be y(7). Suppose -2*f + 2*m - 71 = -7*f, 4*m + 83 = 5*f. Calculate the highest common divisor of f and r.
3
Suppose -242 = -3*y - 47. Suppose -9 = 2*t - 5*s - 30, 5*t = -3*s + 6. Let p be 26 + t/(-3)*0. What is the highest common divisor of y and p?
13
Suppose 4*f + 12 = 0, f - 4*f = -5*i + 69. Calculate the greatest common divisor of i and 108.
12
Suppose 4*p - 4*f = 20, 25 - 5 = 4*p - f. Suppose -3*b = -a + 32 + 37, a - p*b = 73. What is the greatest common factor of a and 21?
21
Let v be 236/12 + -1*3/(-9). What is the greatest common divisor of 220 and v?
20
Let c(q) = -18*q + 2. Let z be c(-1). Let t = 40 - z. Calculate the greatest common divisor of 5 and t.
5
Suppose 2*c + 10 = 0, -c + 5*c = -3*z + 25. Let u be (0 + -12)*(0 + 4/(-16)). Calculate the highest common factor of z and u.
3
Let k(z) = 3*z**2 + 5*z - 4. Let g be k(-4). Let d be (144/84)/((-4)/(-14)). Calculate the greatest common factor of g and d.
6
Let l = 39 - -1. What is the highest common divisor of l and 8?
8
Suppose 5*x - 4*i = 384, -2*i + 88 = -15*x + 16*x. Let t(d) = 9*d + 2. Let c be t(2). Calculate the greatest common divisor of c and x.
20
Let h = 122 - 52. Let b(q) = q**3 + 5*q**2 + 3*q + 1. Let n be b(-3). Calculate the greatest common factor of h and n.
10
Let g be (1/(-3))/((-7)/273). Calculate the highest common divisor of 91 and g.
13
Let t = 42 - 14. Suppose x - 38 = -4*x - 2*g, -t = -3*x + 4*g. Let f be 6/(-5)*(-10)/3. Calculate the highest common factor of x and f.
4
Let j = -4 + 19. Let m = 28 - j. Suppose -2*w - 3*w = 2*i - 53, i = 4*w + 59. What is the highest common factor of m and i?
13
Suppose 2*f - 4*d = 242, -d + 4*d + 123 = f. Calculate the greatest common factor of f and 13.
13
Let y = -3 + 2. Suppose 4*o - 22 - 6 = 0. Let c be (y + -15)/(-2)*o. What is the highest common divisor of 8 and c?
8
Let l = -134 - -173. Calculate the highest common divisor of 78 and l.
39
Let p = -6 + 7. Let a be p*-2*18/(-3). Calculate the greatest common factor of a and 8.
4
Suppose 0 = 3*u - 16 - 2. Suppose 2*a = -3*m + 25 + 12, 0 = -m - 2*a + 19. What is the highest common divisor of u and m?
3
Suppose 2*y + 4*y = 24. What is the greatest common divisor of y and 28?
4
Let m(o) = -2*o**3 + 13*o**2 - 3*o + 2. Let f be m(6). What is the greatest common divisor of f and 80?
20
Suppose 0 = -3*z + 79 + 2. What is the greatest common divisor of 81 and z?
27
Suppose t + 211 = 3*l - 3*t, -347 = -5*l + 2*t. Let s = l - 49. What is the greatest common factor of 220 and s?
20
Let z = 44 + -28. Let k(h) = 16*h. Suppose 4*c - 6*c + 2 = 0. Let s be k(c). What is the greatest common factor of z and s?
16
Let n(a) = a**3 - 2*a**2 - 5*a + 3. Let c be n(4). Let p be (c/(-6))/((-2)/132). Suppose x - p = -2*x. Calculate the highest common factor of 11 and x.
11
Suppose -3*d = b - 3*b + 5, -d + 1 = 0. Let w = -1 + -3. Let q be 92/9 + w/18. Calculate the greatest common divisor of q and b.
2
Let f(m) = m**3 + 12*m**2 + 12*m + 13. Let n be f(-11). Suppose -3*a + 5 = -n*a, -3*a + 71 = 4*c. Calculate the greatest common divisor of 2 and c.
2
Suppose 2*d + 4*w - 2*w = 10, -3*w + 3 = -d. What is the greatest common factor of 2 and d?
1
Let x be 4 - ((-60)/4 + 1). What is the greatest common divisor of 6 and x?
6
Let i be 2*6*38/(-4). Let g = -49 - i. Suppose 0 = -2*m - 5*r + 45, -4*m - 5*r + g = -0*m. Calculate the highest common divisor of 90 and m.
10
Suppose -3*m + 30 = -42. Suppose -4*z - 2*r = -230, z - 5*r = -z + 145. Calculate the highest common factor of z and m.
12
Let p = -20 + 29. Let h be (p/(-6) + -2)*-16. What is the greatest common factor of h and 8?
8
Suppose -k = c - 73, -5*c + 2*k + 2*k = -401. Suppose 2*o + 48 = 4*w, 5*o - 16 = -2*w + 2*o. What is the greatest common divisor of w and c?
11
Let z be 3*5/(15/19). What is the greatest common factor of z and 171?
19
Let s = 140 + -32. Let f = 24 - 12. What is the highest common divisor of s and f?
12
Suppose -4*a - 19 = -3, -q - 3*a = 8. Suppose 21 = 5*p + 4*i, 3*p - 2*p + q*i = 1. Let f be (-5)/(-1*3/27). Calculate the highest common divisor of f and p.
5
Suppose -4*t = -t. Suppose t = 2*n - n - 18. Suppose -s = -0*s - n. What is the greatest common factor of 6 and s?
6
Let c(i) = -i**3 - 7*i**2 - 7*i - 4. Let j be c(-6). Let g be 1/j*-5*-26. What is the greatest common factor of g and 13?
13
Suppose 18 + 2 = 2*t. Calculate the highest common factor of t and 15.
5
Let p = -3 - -5. Let u(j) = j**3 + 5*j**2 + 5*j + 4. Let v be u(-4). Suppose 3 = 3*i - v. Calculate the greatest common divisor of p and i.
1
Suppose t + 2*d = 5*d - 12, 0 = -4*d + 12. Let f be 1 - (2 + t - -154). Let j = f - -242. Calculate the greatest common factor of 10 and j.
10
Suppose 4*r = -7 - 9. Let c(q) = -11*q**3 - 6*q**2 - 4*q + 2. Let m be c(r). Let d be (-8)/(-36) + m/18. What is the greatest common factor of 5 and d?
5
Suppose 0 = 2*f - 4, 86 = 6*q - 2*q - 5*f. Let v = -17 + q. Let m = -24 + 59. What is the highest common factor of v and m?
7
Let k = -14 + 19. Let f be 0 + (-5)/(k/(-98)). What is the greatest common divisor of 14 and f?
14
Let f(v) = -12*v + 4. Let s be f(-5). What is the highest common divisor of s and 8?
8
Suppose 18*m - 208 = 10*m. Calculate the highest common factor of m and 130.
26
Suppose 0 = u - 2 + 8. Let z = -8 + 11. Let l be (z + -1 - u)*5. What is the greatest common factor of l and 16?
8
Let w be ((-4)/4)/((-2)/330). Let r be w/22 + 1/(-2). Suppose -3*s - 2*n + 107 = 0, 3*s = -6*n + n + 110. What is the greatest common divisor of s and r?
7
Suppose 0 = s + 4*d + d - 24, -4*s + 28 = 3*d. What is the highest common factor of 10 and s?
2
Let v(m) = -10*m**3 - m**2 - m - 1. Let s be v(-1). Calculate the highest common divisor of s and 45.
9
Let f be 76/(-8) + (-2)/4. Let i be (-4)/f + (-16)/(-10). Suppose -3*w + 2*w + 5 = 4*j, -5*j = -i*w + 62. Calculate the highest common divisor of w and 3.
3